rue
Is 124739 a composite number?
False
Is 375393 a prime number?
False
Is 122861 prime?
True
Is 458747 prime?
True
Is 7501 a prime number?
False
Is 66251 prime?
False
Is 281141 prime?
False
Is 368819 composite?
True
Is 93614 prime?
False
Is 6415 a prime number?
False
Is 156923 a prime number?
False
Is 98101 a prime number?
True
Is 159521 prime?
True
Is 11993 composite?
True
Is 475859 a composite number?
False
Is 1295917 prime?
False
Is 4201 prime?
True
Is 14513 a prime number?
False
Is 30757 composite?
False
Is 989 composite?
True
Is 24007 a prime number?
True
Is 811411 a prime number?
True
Is 337099 a composite number?
True
Is 401453 prime?
False
Is 52001 a prime number?
False
Is 991531 prime?
True
Is 46021 a composite number?
False
Is 3821 a prime number?
True
Is 62039 a composite number?
False
Is 29101 a composite number?
False
Is 249287 a composite number?
False
Is 921067 a prime number?
False
Is 1853 a prime number?
False
Is 144545 a composite number?
True
Is 101793 a composite number?
True
Is 122989 prime?
False
Is 7807 a prime number?
False
Is 62189 prime?
True
Is 2309513 a prime number?
True
Is 3907 a prime number?
True
Is 58147 a prime number?
True
Is 122806 prime?
False
Is 9133 prime?
True
Is 3505 a composite number?
True
Is 99079 a prime number?
True
Is 15877 a prime number?
True
Is 67109 composite?
True
Is 1145093 a prime number?
True
Is 281621 composite?
False
Is 72057 composite?
True
Is 177283 prime?
True
Is 4249 a composite number?
True
Is 64451 a prime number?
True
Is 429643 composite?
False
Is 25799 a prime number?
True
Is 59543 prime?
False
Is 10977 a prime number?
False
Is 77929 composite?
False
Is 70442 prime?
False
Is 1355483 prime?
True
Is 42349 a composite number?
False
Is 106553 a composite number?
True
Is 155887 prime?
True
Is 663063 a prime number?
False
Is 10942 a composite number?
True
Is 1923 composite?
True
Is 37793 a prime number?
False
Is 62641 a prime number?
False
Is 2818067 prime?
False
Is 29059 composite?
False
Is 2579 a prime number?
True
Is 2099 a prime number?
True
Is 731 composite?
True
Is 264527 a composite number?
False
Is 414347 composite?
False
Is 198461 prime?
True
Is 24269 prime?
False
Is 18013 composite?
False
Is 138089 composite?
True
Is 38297 a prime number?
False
Is 9661 prime?
True
Is 7545689 prime?
True
Is 13553 a prime number?
True
Is 123107 composite?
True
Is 13267 a composite number?
False
Is 4819715 composite?
True
Is 2163241 a prime number?
True
Is 9019 a composite number?
True
Is 136013 composite?
False
Is 113801 a composite number?
True
Is 204101 prime?
True
Is 132019 a composite number?
False
Is 6653 a composite number?
False
Is 1931 prime?
True
Is 624917 a prime number?
True
Is 1817 a composite number?
True
Is 113771 a prime number?
False
Is 1034013 a prime number?
False
Is 4709 composite?
True
Is 27581 prime?
True
Is 16183 a prime number?
True
Is 1162839 prime?
False
Is 16141 a prime number?
True
Is 16429 a prime number?
False
Is 5011223 prime?
False
Is 97829 a composite number?
False
Is 1290067 a prime number?
False
Is 6312905 prime?
False
Is 10903 a composite number?
False
Is 1007 a prime number?
False
Is 2765731 a prime number?
True
Is 456727 a prime number?
True
Is 13894 prime?
False
Is 465659 composite?
False
Is 49963 composite?
True
Is 1829 prime?
False
Is 374593 composite?
True
Is 4111 a prime number?
True
Is 508631 prime?
False
Is 742607 composite?
False
Is 311603 a prime number?
True
Is 1004723 a composite number?
False
Is 591691 a composite number?
False
Is 252137 composite?
True
Is 50429 composite?
True
Is 1064117 a prime number?
True
Is 14963 a composite number?
True
Is 3229 prime?
True
Is 2169749 prime?
True
Is 769 a prime number?
True
Is 122965 prime?
False
Is 830197 a composite number?
True
Is 63107 composite?
True
Is 307067 prime?
True
Is 4984361 composite?
False
Is 329587 a prime number?
True
Is 25617 prime?
False
Is 6866 composite?
True
Is 35614 prime?
False
Is 2581 a composite number?
True
Is 19597 composite?
False
Is 233141 a prime number?
True
Is 2721 prime?
False
Is 916561 a prime number?
True
Is 6739 a prime number?
False
Is 112429 prime?
True
Is 21341 a prime number?
True
Is 130513 a composite number?
False
Is 10033 composite?
True
Is 34211 a composite number?
False
Is 42793 a composite number?
False
Is 15871 prime?
False
Is 2221 a composite number?
False
Is 3449 a prime number?
True
Is 635243 composite?
True
Is 731359 a composite number?
False
Is 205949 a composite number?
False
Is 76333 prime?
True
Is 79385 prime?
False
Is 25409 a prime number?
True
Is 398179 a prime number?
False
Is 49291 a prime number?
False
Is 213281 prime?
True
Is 196739 prime?
True
Is 2413 a prime number?
False
Is 7961 a prime number?
False
Is 35065 a prime number?
False
Is 1394729 a composite number?
True
Is 82811 prime?
True
Is 34022 prime?
False
Is 2152799 prime?
False
Is 10939 composite?
False
Is 10409 a prime number?
False
Is 3274 composite?
True
Is 64247 composite?
True
Is 490697 prime?
True
Is 633 prime?
False
Is 99317 a composite number?
False
Is 13353 prime?
False
Is 31751 prime?
True
Is 31281 prime?
False
Is 4702 a composite number?
True
Is 38543 prime?
True
Is 514819 prime?
True
Is 111373 a composite number?
False
Is 128099 prime?
True
Is 263545 prime?
False
Is 6101 composite?
False
Is 793181 a prime number?
True
Is 21391 composite?
False
Is 3553507 composite?
False
Is 12227 prime?
True
Is 8665 prime?
False
Is 335321 prime?
False
Is 189731 a prime number?
False
Is 3029 prime?
False
Is 298993 a prime number?
True
Is 5609 prime?
False
Is 140713 a prime number?
False
Is 413951 a prime number?
True
Is 14509 composite?
True
Is 117022 a prime number?
False
Is 6049 a prime number?
False
Is 139957 a composite number?
True
Is 8329 prime?
True
Is 30551 prime?
False
Is 37 a composite number?
False
Is 1478 prime?
False
Is 12143 composite?
False
Is 3839639 prime?
True
Is 262837 prime?
False
Is 2653 prime?
False
Is 80329 prime?
True
Is 612699 a prime number?
False
Is 107819 composite?
True
Is 1731 a composite number?
True
Is 1313563 prime?
False
Is 26623 a composite number?
True
Is 13597 a prime number?
True
Is 24571 a prime number?
True
Is 210901 composite?
False
Is 9959 composite?
True
Is 452407 a prime number?
False
Is 158981 composite?
False
Is 38273 a composite number?
False
Is 57091 composite?
True
Is 9511 prime?
True
Is 125777 composite?
False
Is 2437 composite?
False
Is 260701 a prime number?
False
Is 2477 a composite number?
False
Is 27439 composite?
True
Is 1050253 composite?
False
Is 147749 a prime number?
False
Is 346831 a prime number?
True
Is 316729 prime?
False
Is 2843 composite?
False
Is 2789 a prime number?
True
Is 14971 a prime number?
False
Is 35411 prime?
False
Is 16043 prime?
False
Is 3152139 prime?
False
Is 215998 composite?
True
Is 113293 prime?
False
Is 9863 prime?
False
Is 20029 a composite number?
False
Is 8641 a composite number?
False
Is 923903 composite?
False
Is 21907 a prime number?
False
Is 84893 a prime number?
False
Is 21262 a composite number?
True
Is 108497 composite?
False
Is 582587 a prime number?
True
Is 166337 composite?
True
Is 20465 a composite number?
True
Is 818093 composite?
False
Is 2979309 a prime number?
False
Is 1443445 composite?
True
Is 164173 a composite number?
False
Is 39113 prime?
True
Is 154909 a composite number?
True
Is 1115 a composite number?
True
Is 28127 a composite number?
True
Is 2119031 prime?
True
Is 3663461 a composite number?
False
Is 59017 prime?
False
Is 18787 prime?
True
Is 4737 prime?
False
Is 116141 prime?
True
Is 2722 a prime number?
False
Is 899 composite?
True
Is 1858 prime?
False
Is 4033 composite?
True
Is 6623 prime?
False
Is 257641 a composite number?
True
Is 1343 prime?
False
Is 91781 a prime number?
True
Is 189691 prime?
True
Is 4373 composite?
False
Is 33757 a prime number?
True
Is 26681 a composite number?
False
Is 42641 prime?
True
Is 3830163 composite?
True
Is 28123 composite?
False
Is 382427 a composite number?
False
Is 7697 prime?
False
Is 16033 a composite number?
False
Is 1152023 a composite number?
False
Is 160865 a composite number?
True
Is 107011 composite?
True
Is 7633 prime?
False
Is 1711 a composite number?
True
Is 10223 a composite number?
False
Is 18439 a prime number?
True
Is 15949 a p